2 is divided by 3305.
7
Calculate the remainder when 16655745 is divided by 6649.
0
Calculate the remainder when 245836 is divided by 18908.
32
What is the remainder when 6097303 is divided by 1524276?
199
What is the remainder when 159638523 is divided by 7?
2
What is the remainder when 28391 is divided by 368?
55
Calculate the remainder when 27594509 is divided by 1965.
14
Calculate the remainder when 2067242 is divided by 206724.
2
Calculate the remainder when 139119 is divided by 905.
654
What is the remainder when 3138971 is divided by 136477?
0
What is the remainder when 7873033 is divided by 1825?
1808
Calculate the remainder when 1072214 is divided by 2844.
26
Calculate the remainder when 1161692 is divided by 1061.
958
What is the remainder when 1800894 is divided by 75036?
30
What is the remainder when 5874250 is divided by 24476?
10
Calculate the remainder when 130731 is divided by 3766.
2687
What is the remainder when 407980 is divided by 101096?
3596
What is the remainder when 1546237 is divided by 5330?
537
Calculate the remainder when 423859449 is divided by 1780922.
13
What is the remainder when 5584917 is divided by 246?
225
Calculate the remainder when 25566399 is divided by 1162109.
1
Calculate the remainder when 38066615 is divided by 38066590.
25
Calculate the remainder when 99586374 is divided by 8535.
8529
What is the remainder when 2809708 is divided by 108?
88
Calculate the remainder when 65012 is divided by 72.
68
What is the remainder when 1438385 is divided by 4581?
4532
What is the remainder when 387016 is divided by 70?
56
Calculate the remainder when 50521 is divided by 3234.
2011
Calculate the remainder when 400874 is divided by 57264.
26
What is the remainder when 246229 is divided by 30689?
717
What is the remainder when 168159 is divided by 9?
3
Calculate the remainder when 4009786 is divided by 1336590.
16
What is the remainder when 87712 is divided by 2504?
72
Calculate the remainder when 1161916 is divided by 10851.
859
Calculate the remainder when 31814636 is divided by 4543.
7
What is the remainder when 200998386 is divided by 1762?
1760
What is the remainder when 113894604 is divided by 56947289?
26
What is the remainder when 604155 is divided by 151028?
43
What is the remainder when 85769 is divided by 85726?
43
What is the remainder when 4579982 is divided by 34?
12
Calculate the remainder when 2363852 is divided by 276.
188
What is the remainder when 3683356 is divided by 248?
60
Calculate the remainder when 86140601 is divided by 19.
16
Calculate the remainder when 2789906 is divided by 326.
324
Calculate the remainder when 3210747825 is divided by 1866.
1863
What is the remainder when 21719835 is divided by 294?
291
Calculate the remainder when 503028 is divided by 690.
18
Calculate the remainder when 1617824 is divided by 141.
131
Calculate the remainder when 16052 is divided by 145.
102
What is the remainder when 260623 is divided by 25?
23
Calculate the remainder when 4867651 is divided by 1022.
887
Calculate the remainder when 19175254 is divided by 1368.
1366
What is the remainder when 13366 is divided by 12397?
969
What is the remainder when 430465 is divided by 620?
185
Calculate the remainder when 687395 is divided by 687203.
192
What is the remainder when 563549 is divided by 386?
375
What is the remainder when 13003124 is divided by 4487?
4285
Calculate the remainder when 430533360 is divided by 1209.
1206
Calculate the remainder when 19130162 is divided by 50.
12
Calculate the remainder when 13679954 is divided by 5.
4
What is the remainder when 1225184 is divided by 19761?
2
What is the remainder when 292368 is divided by 2542?
38
What is the remainder when 12208306 is divided by 71?
69
Calculate the remainder when 15762009 is divided by 184.
17
What is the remainder when 255034 is divided by 1574?
46
What is the remainder when 3907627 is divided by 390759?
37
What is the remainder when 3283361 is divided by 90?
71
What is the remainder when 11661634 is divided by 45?
19
What is the remainder when 649063555 is divided by 22?
19
Calculate the remainder when 133798 is divided by 6521.
3378
Calculate the remainder when 3912552 is divided by 1935.
1917
What is the remainder when 65260843 is divided by 7251202?
25
What is the remainder when 112967566 is divided by 28?
26
Calculate the remainder when 16286248 is divided by 4071561.
4
What is the remainder when 474351 is divided by 396?
339
What is the remainder when 493154 is divided by 11?
2
Calculate the remainder when 173441 is divided by 86717.
7
Calculate the remainder when 188752 is divided by 188734.
18
What is the remainder when 28820853 is divided by 31?
29
What is the remainder when 176416 is divided by 118?
6
Calculate the remainder when 76133 is divided by 822.
509
Calculate the remainder when 976639 is divided by 519.
400
Calculate the remainder when 6137 is divided by 658.
215
What is the remainder when 23672382 is divided by 209?
206
Calculate the remainder when 5617257 is divided by 33.
30
What is the remainder when 76317797 is divided by 4769862?
5
Calculate the remainder when 2117542 is divided by 1091.
1002
Calculate the remainder when 1170191 is divided by 238.
183
Calculate the remainder when 131264 is divided by 65632.
0
Calculate the remainder when 222038 is divided by 35933.
6440
Calculate the remainder when 490579 is divided by 247.
37
What is the remainder when 149384 is divided by 922?
20
What is the remainder when 1132719 is divided by 134?
17
What is the remainder when 115425 is divided by 751?
522
What is the remainder when 4848946 is divided by 118?
90
Calculate the remainder when 704846 is divided by 352374.
98
What is the remainder when 994181 is divided by 265?
166
Calculate the remainder when 219496 is divided by 219231.
265
Calculate the remainder when 23249 is divided by 1329.
656
What is the remainder when 3469036 is divided by 15?
1
What is the remainder when 187952 is divided by 46966?
88
Calculate the remainder when 3775098 is divided by 111.
99
What is the remainder when 3037650 is divided by 252?
42
What is the remainder when 504270 is divided by 126060?
30
What is the remainder when 74885 is divided by 18596?
501
Calculate the remainder when 2292733 is divided by 32.
29
Calculate the remainder when 5488 is divided by 3691.
1797
Calculate the remainder when 13543665 is divided by 41.
12
Calculate the remainder when 5439070 is divided by 22.
10
What is the remainder when 118749 is divided by 59359?
31
What is the remainder when 1148563 is divided by 19?
13
Calculate the remainder when 92992480 is divided by 10162.
18
Calculate the remainder when 3531637 is divided by 2280.
2197
Calculate the remainder when 772025 is divided by 261.
248
What is the remainder when 831036 is divided by 162?
138
What is the remainder when 1173362 is divided by 23946?
8
Calculate the remainder when 12946015 is divided by 98.
19
What is the remainder when 1833689 is divided by 67907?
200
What is the remainder when 5570706 is divided by 9?
3
What is the remainder when 4738578 is divided by 335?
3
What is the remainder when 2404 is divided by 314?
206
Calculate the remainder when 746608 is divided by 3218.
32
What is the remainder when 6004981 is divided by 334?
329
What is the remainder when 5090690 is divided by 188544?
2
What is the remainder when 143728 is divided by 3335?
323
Calculate the remainder when 29964142 is divided by 16276.
26
Calculate the remainder when 125782359 is divided by 88.
87
Calculate the remainder when 16850 is divided by 937.
921
Calculate the remainder when 289793 is divided by 142.
113
What is the remainder when 24385445 is divided by 306?
305
Calculate the remainder when 36305 is divided by 2131.
78
What is the remainder when 516149 is divided by 1031?
649
Calculate the remainder when 3222537 is divided by 38363.
45
What is the remainder when 5573516 is divided by 3566?
3424
Calculate the remainder when 5174454 is divided by 1963.
1949
Calculate the remainder when 7562123 is divided by 63015.
323
What is the remainder when 28572937 is divided by 312?
289
Calculate the remainder when 26357855 is divided by 2572.
2571
What is the remainder when 4243573 is divided by 124?
45
What is the remain